0 - 4)*y/(-20)?
1
Let d be (-3520)/(-70) + (-2)/7. Let v = d - 32. What is the tens digit of v?
1
Let u(o) = o**2 + 5*o - 5. Let v be u(-7). What is the units digit of 1 - 2*v/(-6)?
4
Let t = 8 - 3. What is the units digit of t/(20/64) - -3?
9
Let x(p) = 3*p**2 - 4*p + 2. Let o(w) = -4*w**2 + 5*w - 2. Let b(d) = -4*o(d) - 5*x(d). What is the tens digit of b(7)?
4
Let x be 2/(-3) + (-24)/(-9). Let w be 0 + (0 - x) + 2. Suppose 4*n = 4*y, w = -y + 2*y - 3*n + 4. What is the units digit of y?
2
What is the units digit of 35644/494 - (11/(-13) + 1)?
2
Let v(h) = h**2 - 1. Let w be v(3). Suppose -w = -4*s + 28. What is the units digit of s?
9
What is the units digit of ((-58)/(-8))/(8/32)?
9
Suppose k = 4*k - 24. Let x be (-4)/(-10) + 8/(-20). Suppose x = 2*s - k. What is the units digit of s?
4
Let q be -9 - (-1)/(4/8). Let b = -6 - q. What is the units digit of b?
1
Suppose 4*g - 436 = 2*p, -2*g + 214 = -0*g - 2*p. What is the hundreds digit of g?
1
Let c(j) = 2*j**2 + 6*j - 11. What is the tens digit of c(-7)?
4
Suppose 2*t + 0*q = -q - 3, -3*t = q + 3. Let w be (0 - t)/(2/(-2)). Suppose w = -4*z + 15 + 1. What is the units digit of z?
4
Suppose 2*o + 3*o - 1040 = 0. What is the hundreds digit of o?
2
Let d(w) be the second derivative of -3*w**2/2 + 4*w. Let f(s) = s. Let g(o) = 3*d(o) + 3*f(o). What is the units digit of g(8)?
5
Let s(f) = 2*f + 2. Let t(h) = 6*h + 5. Let v(z) = -7*s(z) + 2*t(z). Let k be v(-3). Suppose -4*x + 20 = 4*l, -k*l + 1 = x - 14. What is the units digit of l?
0
Suppose 0 = -4*l + 14 + 2. Suppose -12 = l*i - 64. What is the tens digit of i?
1
Let w = 6 - 3. Let x be 3/w*57*1. What is the units digit of x/12 - (-2)/8?
5
Let d = 129 - 91. Suppose 3*m - 4*b = d, 3*b - 19 = m + 8*b. Suppose 2*f - 8 - m = 0. What is the units digit of f?
7
Suppose 2*n + 40 = 6*n. What is the units digit of n?
0
Let z(k) = k**3 + 9*k**2 + 6*k + 1. What is the units digit of z(-4)?
7
Let u = 56 + -28. What is the units digit of u?
8
Let i(m) = m**2 - 4*m - 2. Let v be i(-4). Suppose -v + 9 = 3*r. Let u = r + 16. What is the units digit of u?
9
Let c be 3/(-12) + (-2)/(-8). Suppose 5*n - 2*p = -c*p - 129, 98 = -4*n - p. What is the units digit of (-30)/n*(-5)/(-2)?
3
Let q(h) = h**3 - 6*h**2 - 5*h - 2. Let f be q(7). Let r be -4*3*(-6)/f. Let p = 13 - r. What is the units digit of p?
7
What is the units digit of (-46)/(-4) + (-3)/(-6)?
2
Suppose 4*q + 280 = 4*h, -8 = 2*q + 2. Suppose -23 = 3*n - h. What is the units digit of n?
4
Suppose 4 = b - 2. What is the units digit of b?
6
Let p = -19 + 24. What is the tens digit of (-1)/p + (-192)/(-10)?
1
Let p(i) = -17*i. Let l = -6 - -4. Let h be p(l). What is the tens digit of h/3 + (-7)/21?
1
Let g(p) be the second derivative of p**4/12 + 5*p**3/6 + 7*p**2/2 - 2*p. What is the units digit of g(-6)?
3
Suppose a - 20 = -7. Suppose -2*g - 10 = 0, -2*v - 3*g = -2 + a. What is the units digit of v?
2
Suppose -3*o = 5*y - 108, 5*o + y + 43 = 201. What is the tens digit of o?
3
Let n be (-3)/(1 + (-75)/66). Let g = n - 20. What is the units digit of g?
2
Let d = -39 - -105. What is the tens digit of d?
6
Suppose 0 = z + h + 1, 4*z + h - 5 = 6. What is the units digit of z?
4
Let j(f) = 3*f - 4*f + 2*f. Let s(t) = -2*t + 5. Let y(a) = -j(a) - s(a). What is the units digit of y(7)?
2
Let w(d) = 3*d**2 - 5*d + 3. What is the tens digit of w(6)?
8
Suppose -41 = -5*z + 4*v - 5, -2*z - v + 4 = 0. Let q(k) = -6 + k + 3 + 2*k. What is the units digit of q(z)?
9
Suppose -4*i + 3*u = -u + 8, u = -4*i + 17. Let o = -2 + i. What is the units digit of 0 - (-1*2 + o)?
1
Suppose -30 = -3*m + 2*l + 25, 4*m - 2*l = 72. Suppose -m = -w - 2. Suppose p + 30 = 4*z + z, w = 4*z + p. What is the units digit of z?
5
Let k(t) = -t**2 + 18*t + 8. What is the tens digit of k(14)?
6
Suppose -q + 5*q = -40. What is the units digit of 1/(-2)*(q - 0)?
5
Let x = -23 + 26. What is the units digit of x?
3
Let u(x) be the second derivative of x**5/20 - 5*x**4/12 + 4*x**3/3 - 7*x**2/2 - 2*x. What is the units digit of u(5)?
3
Let u(f) = f + 5. Let o be u(-5). Suppose o = -i + 2, 3*j + 4*i - 7*i = 0. What is the units digit of -2*j/((-8)/6)?
3
Let k(q) = -70*q + 2. What is the units digit of k(-1)?
2
Let b = 1 + -3. What is the tens digit of b/(-7) - 103/(-7)?
1
Let w = -27 - -45. What is the tens digit of w?
1
Let i = -46 + 113. Let y = i + -25. What is the units digit of y?
2
Let j be (3/2)/((-2)/4). Let s = j + 7. What is the units digit of s?
4
Suppose -1 - 5 = 3*t. What is the units digit of 1/2*(t - -52)?
5
Let f(j) = 2*j**3 - j**2 + 2*j - 1. Let q be f(2). Let p = 35 - q. What is the tens digit of p?
2
Let j(n) = 5*n + 40. What is the units digit of j(-7)?
5
Let w be ((-8)/3)/(3/9). What is the units digit of -2*13*4/w?
3
Let t = -2 + 4. Let z be (2/5)/(t/10). Suppose 5 - 25 = -z*m. What is the tens digit of m?
1
Suppose -s = -1, 0 = -2*b + 5*b + 3*s + 6. Let p be (3 + b)/(1 - 0). Suppose p = 4*a - 12, 5*r + a - 3*a + 1 = 0. What is the units digit of r?
1
Suppose 8*w - 5*w - 24 = 0. Suppose 2*q + 0 = w. What is the units digit of q?
4
Let m(v) = 95*v - 4. Let q(x) = 95*x - 5. Let i(y) = -4*m(y) + 3*q(y). Let c be i(-1). Suppose 16 + 55 = 4*t - 5*f, f - c = -5*t. What is the units digit of t?
9
Suppose -a - 2*a + 2*o + 65 = 0, 3*o + 24 = a. Suppose 2*r + a = 3*r - 3*c, r + c - 1 = 0. What is the units digit of r/21 + (-204)/(-21)?
0
Let n(m) = -2*m**2 - 2*m - 1. Let a be n(-4). Let p = a + 36. Let w = -4 + p. What is the units digit of w?
7
Suppose 0 = 3*n + 1 - 7. Suppose -4*j = o - 18, -6*o - 13 = -j - n*o. What is the units digit of j?
5
What is the tens digit of (-6100)/25*(0 - 1)?
4
Let n(x) = -x**2 + 16*x - 4. What is the units digit of n(12)?
4
Let w(z) = -z**3 + 12*z**2 - 10*z - 11. Let h be w(11). Suppose -3*l - 165 = -4*c - h*l, -l + 43 = c. What is the tens digit of c?
4
Let l = -123 + 87. What is the tens digit of (1/(-2))/(1/l)?
1
Let x be 2 + (2 - -1)*1. Suppose 3*g - 3*u - 56 = u, -g + x*u = -37. What is the units digit of g?
2
Suppose -k = o - 29, -4*k + 59 + 12 = -5*o. Suppose 5*h - k + 9 = 0. Suppose -h*a + 2*a + 11 = 0. What is the units digit of a?
1
What is the tens digit of 2 + 0 - -3*(-52)/(-4)?
4
Suppose -r - 392 = -5*r - 4*d, 2*d = 6. What is the tens digit of r?
9
Suppose 5*d - l + 35 = 0, 3*l + 7 = 2*d - 3*d. Let t = d - -15. Suppose -3*j + t = j. What is the units digit of j?
2
Let n = -46 - -75. What is the tens digit of n?
2
Let t be ((-3 + 1)/2)/1. What is the tens digit of (3/5 + t)*-25?
1
What is the units digit of (-5)/(-25) + (-238)/(-10)?
4
Let m(c) = 2*c + 6. Let h be m(-6). What is the units digit of 4 - (-1 - (h + 3))?
2
Let b = 111 + -35. Suppose -3*l - 13 = -b. What is the units digit of l?
1
Suppose 3*w + 4*l = 391, -3*l - 511 = -4*w + 2*l. What is the units digit of w?
9
Let d be -2 + 4/(-6)*-3. Suppose -3*u - 4 = h - d*h, 0 = 5*u - 3*h + 2. What is the units digit of -1 - 0 - (-9 - u)?
7
Let j(w) = w**3 + 8*w**2 - 8*w - 12. What is the units digit of j(-8)?
2
Let u(d) = -12*d + 6. What is the units digit of u(-2)?
0
Suppose -4*b + 45 + 71 = 0. Let k = b - 21. Suppose 0 = -n - 3*p + k, -4*n - 4*p + 40 = -0*n. What is the tens digit of n?
1
Let r = 193 - 134. Let o = r + -36. What is the tens digit of o?
2
Suppose 2*u + t = 4*t + 128, 2*u = -2*t + 138. What is the tens digit of u?
6
Let w = -24 - -24. Suppose w*q - 4*q + 84 = 0. What is the units digit of q?
1
Suppose 130 = b - 7. What is the hundreds digit of b?
1
Let c = 7 + -2. Suppose -j + c = 1. Let l = 9 - j. What is the units digit of l?
5
What is the tens digit of 174 - 7/(28/8)?
7
Let n(k) = 2*k**3 + 16*k**2 + 10*k + 12. What is the tens digit of n(-6)?
9
Suppose -5*f - o - 89 = 0, -2*f + o - 10 = 27. Let n = -2 - f. What is the units digit of n?
6
Let c(l) be the first derivative of -l**3/3 + l**2 + 3*l - 2. Let z be c(3). Suppose -5*v + 3 = 4*j + 4, -2*j + 4*v + 6 = z. What is the units digit of j?
1
Suppose g + 7 = 2*g. Suppose 4*q - 19 = -g. What is the units digit of q?
3
Suppose 3*a + 11 - 35 = 0. What is the units digit of a?
8
What is the units digit of 1 + -3 + (-20)/(-4)?
3
Suppose 4*m + 111 = 7*m. Let f = -4 + m. What is the units digit of f?
3
Let x(d) = d - 8*d + 1 - 3*d. Let m be x(-1). What is the units digit of m 